(-1). Suppose -4*m - 8 = -j*k, 3*k = -4*m + 24 - 11. List the prime factors of k.
3
Suppose 6 = -2*w + 5*w. What are the prime factors of w?
2
What are the prime factors of -2*115/(-4)*10/25?
23
Let n be (4 - 2)/(12/(-150)). Let t = -13 - n. List the prime factors of t.
2, 3
Suppose -2*x + x = -4. Suppose -3*v - 120 = x*y + v, -4*y - 2*v = 118. Let h = -15 - y. List the prime factors of h.
2, 7
Let i = -5 - -9. Let x(y) be the third derivative of y**6/120 - y**5/20 - y**3/6 + 4*y**2. What are the prime factors of x(i)?
3, 5
Let i be -1 + (-10)/(-1 + -1). Let b(p) = -p**2 + p + 3. Let j(o) = -o**2 + 4. Let x(k) = -3*b(k) + 2*j(k). What are the prime factors of x(i)?
3
Suppose 0 = -3*k, -2*t + 2*k - k = -12. Suppose 0 = -x + 4*x - t, -3*p + 45 = -3*x. What are the prime factors of p?
17
Let l(r) = r**2 + r + 31. What are the prime factors of l(0)?
31
Let t(h) = h**3 + 7*h**2 + 5*h + 6. Let b be t(-4). Let i = b + -13. What are the prime factors of i?
3, 7
Let q be 8/14*7/2. Suppose -q*s = -6*s + 28. List the prime factors of s.
7
List the prime factors of (-3)/((-12)/76) - 4.
3, 5
Let y(c) = 5*c + 9. Let j(p) = 14*p + 27. Let o(f) = -2*j(f) + 7*y(f). Let h(w) = 11*w + 13. Let t(u) = 5*h(u) - 8*o(u). List the prime factors of t(-10).
3
Let x(a) = a + 3. Let r be -2*3/(-6)*11. List the prime factors of x(r).
2, 7
Let s(a) = -10*a**3 - a**2 + 1. What are the prime factors of s(-1)?
2, 5
Suppose 3*n + 15 = 4*x, -n - 11 = -3*x - 1. Let c = x - 3. Suppose 6 = -c*y + 3*y. What are the prime factors of y?
2
Let v = 122 - 85. List the prime factors of v.
37
Let u(c) be the third derivative of -c**6/120 - c**5/20 - c**4/6 - c**3/3 - 3*c**2. List the prime factors of u(-3).
2, 5
Suppose 5*s + 3*p - 13 = 0, -6*p + 4*p = -2*s + 18. Suppose -2*y + y + 105 = s*l, -2*y + 110 = 5*l. List the prime factors of l.
2, 5
Suppose 0 = 13*x - 7*x - 24. List the prime factors of x.
2
Let q = 144 + -98. What are the prime factors of q?
2, 23
Let h(w) = -2*w**2 + 5*w + 1. Let k be h(5). Let f = k + 42. List the prime factors of f.
2, 3
Suppose 5 = 4*r - 51. Let i = -11 + r. What are the prime factors of i?
3
What are the prime factors of (-11)/((-14)/12 + 1)?
2, 3, 11
Let u = -2 + 5. Let y = 7 - u. Suppose -y*p = -4*f + 12, 21 = -2*f + 4*f + 3*p. List the prime factors of f.
2, 3
Let p(x) = 5*x**3 - 3*x**2 - 3*x - 1. What are the prime factors of p(3)?
2, 7
Suppose 0*m + 2*m = -2. List the prime factors of -2*1*4*m.
2
Let v = -6 - -1. Let r = 16 + v. What are the prime factors of r?
11
Let f = 91 - 72. List the prime factors of f.
19
Let p(y) = 0*y**2 - 10*y + 0*y**2 - 2*y**2 + y**2 - 3. What are the prime factors of p(-7)?
2, 3
Let l(b) = 76*b**2 + b - 2. List the prime factors of l(1).
3, 5
Let u(m) = m**3 + 15*m**2 - 17*m. List the prime factors of u(-16).
2
Let w(h) = -2*h**3 - 4*h**2 - 2*h. Let s be w(-2). Let y = s + -1. What are the prime factors of (2 - y)/(2/(-12))?
2, 3
Let k be 14/(-8)*-6*2. Suppose 29 = -5*w - k. Let b = w + 15. What are the prime factors of b?
5
Suppose -42 = 4*q - 3*q. What are the prime factors of (-1)/2*(q + 8)?
17
Suppose -13*y + 9*y = -316. List the prime factors of y.
79
Suppose -q = t - 49 + 4, 4*t - 5*q = 135. List the prime factors of t.
2, 5
Let x(f) = 7*f**2 - 2*f - 2. List the prime factors of x(2).
2, 11
Suppose -4*d = 5*t - 94 - 5, -42 = -2*t - d. Let g = t + -1. What are the prime factors of g?
2, 11
Let k = -178 - -226. List the prime factors of k.
2, 3
Let o be (-1)/(-2 - (-5)/3). Suppose -o*b - 2*f + 71 = -0*f, 40 = 2*b + 5*f. What are the prime factors of b?
5
Let j be (-9)/3 + (2 - 4). Suppose -2*p = -3*k - 17, 0 = p - 2 - 2. List the prime factors of (j/k)/((-4)/(-12)).
5
Let c(y) = -y + 11. Suppose 4 = -5*j + 44. Let h be c(j). Suppose -2*l + 34 = -2*d, -3*d - 3 = -2*l + h*l. List the prime factors of l.
2, 3
Suppose 5*b + 4*c = 36, -3*c + 11 = 4*b - 17. Suppose -3*v = -2*w + 7, 3*w + 7 - 20 = b*v. List the prime factors of w.
11
Let w = -2 + 1. List the prime factors of w/1*(-46 + 3).
43
Suppose 0 = 4*l - 0 + 4, -231 = -2*f + 5*l. What are the prime factors of f?
113
Suppose -3*d + 24 = -6. What are the prime factors of -2 - 1*(-1 - d)?
3
Suppose 5*v - 10 = -0*v. Suppose -72 = -v*h + h. Suppose 2*n = -2*n + h. List the prime factors of n.
2, 3
Let u = -6 - -39. List the prime factors of u.
3, 11
Let a(o) = o**2 + 2*o + 3. Let v(y) = y - 4. Let b be v(0). List the prime factors of a(b).
11
Let f(k) = 8*k - 2 - k + 1. What are the prime factors of f(5)?
2, 17
Suppose 4*v - v - 18 = 0. List the prime factors of v.
2, 3
Suppose 4*g - 48 = -0*g. Suppose 0 = -5*m - 5*n, -3*m + 4 + g = -5*n. Suppose m*x = -0*x + 16. List the prime factors of x.
2
Let s(k) = -7*k + k**2 + 5*k - k - 2. What are the prime factors of s(-4)?
2, 13
Let p(d) = -3*d + 15. Let j(x) = 4*x - 23. Let a(y) = -5*j(y) - 7*p(y). What are the prime factors of a(13)?
23
Suppose 5*y - 38 = 2*k, y + 3*k - 6 = -2*y. List the prime factors of ((-8)/6)/(y/(-9)).
2
Suppose 0 = 3*m + 2*a - 207, -m + 69 = 5*a - 3*a. List the prime factors of m.
3, 23
Let f = 90 - 54. Let n(s) = s**3 + 10*s**2. Let u be n(-10). Suppose u*c - 4*c + f = 0. What are the prime factors of c?
3
Let a = -14 + 31. Let y = -7 + a. What are the prime factors of y?
2, 5
Let c be 1 + (-2 - -2 - 1). Suppose 4*n - 3*d = 0, 2*n + c*d = d. Suppose n = 2*y - 0*y - 12. What are the prime factors of y?
2, 3
Let k be 4*(-1 - -2)*1. Suppose b + 3*f = 3, -2 = 5*b - k*f - 17. Suppose -2*z - b*h = -26, 39 = -0*z + 3*z + h. What are the prime factors of z?
13
Let t(v) = v**3 + v**2. Let s be t(0). Let y = s - -12. What are the prime factors of y?
2, 3
Suppose 4*a - 52 = h, a - 5*h - 26 = -a. What are the prime factors of a?
13
Let l be 0/((-1)/((-1)/2)). Suppose 4*v + v - 55 = l. What are the prime factors of v?
11
Let n be 15/(-6)*(-472)/10. Let u = n + -64. What are the prime factors of 6/(-15) - u/(-10)?
5
What are the prime factors of 261/12 - 3/(-12)?
2, 11
Let q = -3 - -5. Suppose 3*u + 3*k + 3 = 0, q*k - 8 = u + 2*u. Let b = 6 - u. What are the prime factors of b?
2
Let b(v) = -v**2 + 3*v. Let n be b(3). Let l be (2 - 0) + (5 - n). Suppose -4*m = 0, -p - 4*m + 4 = -l. List the prime factors of p.
11
Suppose 5*b + 50 = 6*b. What are the prime factors of b?
2, 5
Let u = -120 - -172. Suppose -b = -3*b + u. Suppose 0 = -5*g + 4*x + b, 3*g - 4*x - 16 = -2*x. List the prime factors of g.
2, 3
Let w(y) = -y - 3. Let m be w(-8). Suppose -s - m*f = -3*s + 67, -4*s + 176 = 4*f. List the prime factors of s.
41
Let b = 0 + 0. Suppose 3*z + 0*z - 51 = b. List the prime factors of z.
17
Let a be (-1)/(((-4)/35)/4). Suppose 0 = -3*m - 3*j + 99, 0*m = -m - 2*j + a. List the prime factors of m.
31
Suppose 3*o = 3*k + 15, -5*k - 4*o - 23 = -8*o. Let a(y) = -3*y - 1 + 1 + 1. What are the prime factors of a(k)?
2, 5
Let k(s) = 10*s. Let u be k(-1). Let v = 40 + u. What are the prime factors of v?
2, 3, 5
Let v(t) = -t**2 - 30*t + 12. What are the prime factors of v(-10)?
2, 53
Suppose l = u - 4*u - 16, -4*u = -2*l + 18. Let q(v) = -7*v - 6. What are the prime factors of q(u)?
29
Let y be 4/3 - (-8)/12. Let v(c) = 17*c**2 - y*c + 4*c - c - 2*c. What are the prime factors of v(1)?
2
Suppose -5*d - 43 = -i, 1 = i - 2. List the prime factors of 4/(-1)*18/d.
3
Let y(u) = 27*u**2 + 2*u - 5. What are the prime factors of y(-3)?
2, 29
Suppose 4*q + 8*z - 4*z = 12, -5*q + 3*z + 47 = 0. Let x = -5 + q. List the prime factors of x/9 - 43/(-9).
5
Let d = -6 - -9. Let x = d - 0. What are the prime factors of x?
3
Suppose 0 = -l - l - 98. Let v = -35 - l. What are the prime factors of v?
2, 7
Let t = -2 - -5. Suppose t*f = -2*f + 55. Let n(b) = 3*b - 12. What are the prime factors of n(f)?
3, 7
Let k = 69 - 23. What are the prime factors of k?
2, 23
Let t(m) = m**3 - m**2 - m - 13. Let w be t(0). Let j = w - -18. Suppose 0 = -2*z + 27 - j. What are the prime factors of z?
11
Suppose 2*i - q - 38 = 0, 78 = 3*i + i - 3*q. Suppose -3*h + i = -6. What are the prime factors of h?
2
Let z(q) = 11*q**2 + q. Let b be 16/6*6/2. Suppose 3*n = 9, -5*y = -4*n + b + 9. List the prime factors of z(y).
2, 5
Suppose 3*p - 3*t - 42 = 30, -3*t = -4*p + 97. List the prime factors of ((-1)/1)/((-5)/p).
5
Suppose -3*k + 192 = -k. Suppose 4*a - 8*a = k. L